{"version":"1.0","provider_name":"ASSSA Deutsch","provider_url":"https:\/\/www.asssa.es\/de","author_name":"soporte","author_url":"https:\/\/www.asssa.es\/de\/blog-eintrag\/author\/soporte\/","title":"COVID-19 Die Meditation als Verb\u00fcndeter - ASSSA Deutsch","type":"rich","width":600,"height":338,"html":"<blockquote class=\"wp-embedded-content\" data-secret=\"WJUShaGEyf\"><a href=\"https:\/\/www.asssa.es\/de\/blog-eintrag\/covid-19-die-meditation-als-verbuendeter\/\">COVID-19 Die Meditation als Verb\u00fcndeter<\/a><\/blockquote><iframe sandbox=\"allow-scripts\" security=\"restricted\" src=\"https:\/\/www.asssa.es\/de\/blog-eintrag\/covid-19-die-meditation-als-verbuendeter\/embed\/#?secret=WJUShaGEyf\" width=\"600\" height=\"338\" title=\"&#8222;COVID-19 Die Meditation als Verb\u00fcndeter&#8220; &#8211; ASSSA Deutsch\" data-secret=\"WJUShaGEyf\" frameborder=\"0\" marginwidth=\"0\" marginheight=\"0\" scrolling=\"no\" class=\"wp-embedded-content\"><\/iframe><script type=\"text\/javascript\">\n\/* <![CDATA[ *\/\n\/*! This file is auto-generated *\/\n!function(d,l){\"use strict\";l.querySelector&&d.addEventListener&&\"undefined\"!=typeof URL&&(d.wp=d.wp||{},d.wp.receiveEmbedMessage||(d.wp.receiveEmbedMessage=function(e){var t=e.data;if((t||t.secret||t.message||t.value)&&!\/[^a-zA-Z0-9]\/.test(t.secret)){for(var s,r,n,a=l.querySelectorAll('iframe[data-secret=\"'+t.secret+'\"]'),o=l.querySelectorAll('blockquote[data-secret=\"'+t.secret+'\"]'),c=new RegExp(\"^https?:$\",\"i\"),i=0;i<o.length;i++)o[i].style.display=\"none\";for(i=0;i<a.length;i++)s=a[i],e.source===s.contentWindow&&(s.removeAttribute(\"style\"),\"height\"===t.message?(1e3<(r=parseInt(t.value,10))?r=1e3:~~r<200&&(r=200),s.height=r):\"link\"===t.message&&(r=new URL(s.getAttribute(\"src\")),n=new URL(t.value),c.test(n.protocol))&&n.host===r.host&&l.activeElement===s&&(d.top.location.href=t.value))}},d.addEventListener(\"message\",d.wp.receiveEmbedMessage,!1),l.addEventListener(\"DOMContentLoaded\",function(){for(var e,t,s=l.querySelectorAll(\"iframe.wp-embedded-content\"),r=0;r<s.length;r++)(t=(e=s[r]).getAttribute(\"data-secret\"))||(t=Math.random().toString(36).substring(2,12),e.src+=\"#?secret=\"+t,e.setAttribute(\"data-secret\",t)),e.contentWindow.postMessage({message:\"ready\",secret:t},\"*\")},!1)))}(window,document);\n\/\/# sourceURL=https:\/\/www.asssa.es\/de\/wp-includes\/js\/wp-embed.min.js\n\/* ]]> *\/\n<\/script>\n","thumbnail_url":"https:\/\/www.asssa.es\/wp-content\/uploads\/2020\/04\/Blog-Meditacion-2.png","thumbnail_width":600,"thumbnail_height":297,"description":"Wir leben zur Zeit eine Situation, die es noch nie gegeben hat. In den letzten Wochen sind wir in unseren H\u00e4usern geblieben, ohne die M\u00f6glichkeit viele der gew\u00f6hnlichen Aktivit\u00e4ten auszuf\u00fchren. Dies f\u00fchrt zu Unsicherheit und folglich zu Spannungen, Ungeduld und Stress."}

COVID-19 Die Meditation als Verbündeter - ASSSA Deutsch

<blockquote class="wp-embedded-content" data-secret="WJUShaGEyf"><a href="https://www.asssa.es/de/blog-eintrag/covid-19-die-meditation-als-verbuendeter/">COVID-19 Die Meditation als Verbündeter</a></blockquote><iframe sandbox="allow-scripts" security="restricted" src="https://www.asssa.es/de/blog-eintrag/covid-19-die-meditation-als-verbuendeter/embed/#?secret=WJUShaGEyf" width="600" height="338" title="&#8222;COVID-19 Die Meditation als Verbündeter&#8220; &#8211; ASSSA Deutsch" data-secret="WJUShaGEyf" frameborder="0" marginwidth="0" marginheight="0" scrolling="no" class="wp-embedded-content"></iframe><script type="text/javascript">
/* <![CDATA[ */
/*! This file is auto-generated */
!function(d,l){"use strict";l.querySelector&&d.addEventListener&&"undefined"!=typeof URL&&(d.wp=d.wp||{},d.wp.receiveEmbedMessage||(d.wp.receiveEmbedMessage=function(e){var t=e.data;if((t||t.secret||t.message||t.value)&&!/[^a-zA-Z0-9]/.test(t.secret)){for(var s,r,n,a=l.querySelectorAll('iframe[data-secret="'+t.secret+'"]'),o=l.querySelectorAll('blockquote[data-secret="'+t.secret+'"]'),c=new RegExp("^https?:$","i"),i=0;i<o.length;i++)o[i].style.display="none";for(i=0;i<a.length;i++)s=a[i],e.source===s.contentWindow&&(s.removeAttribute("style"),"height"===t.message?(1e3<(r=parseInt(t.value,10))?r=1e3:~~r<200&&(r=200),s.height=r):"link"===t.message&&(r=new URL(s.getAttribute("src")),n=new URL(t.value),c.test(n.protocol))&&n.host===r.host&&l.activeElement===s&&(d.top.location.href=t.value))}},d.addEventListener("message",d.wp.receiveEmbedMessage,!1),l.addEventListener("DOMContentLoaded",function(){for(var e,t,s=l.querySelectorAll("iframe.wp-embedded-content"),r=0;r<s.length;r++)(t=(e=s[r]).getAttribute("data-secret"))||(t=Math.random().toString(36).substring(2,12),e.src+="#?secret="+t,e.setAttribute("data-secret",t)),e.contentWindow.postMessage({message:"ready",secret:t},"*")},!1)))}(window,document);
//# sourceURL=https://www.asssa.es/de/wp-includes/js/wp-embed.min.js
/* ]]> */
</script>

Wir leben zur Zeit eine Situation, die es noch nie gegeben hat. In den letzten Wochen sind wir in unseren Häusern geblieben, ohne die Möglichkeit viele der gewöhnlichen Aktivitäten auszuführen. Dies führt zu Unsicherheit und folglich zu Spannungen, Ungeduld und Stress.
